s the value of 3 - 9 - (0 - 3)?
-3
What is -1 + -2 + -1 + 2?
-2
Evaluate (1 + -12 - -23) + -18.
-6
4 + 3 + 6 + -5
8
What is -2 + 0 + 1 - (-24 + 16)?
7
Calculate 2 + 0 + (-8 - -7 - 5).
-4
Calculate 5 - (-1 + 1 + -4 - -4).
5
What is the value of (5 - (5 - -2) - -7) + -16?
-11
Evaluate -2 + -1 - (-3 + (5 - 0)).
-5
Evaluate 2 + -3 + -1 + (-1 - -8).
5
What is 1 + -13 + 2 + 5?
-5
What is -4 - (8 + 0 - (78 + -57))?
9
What is the value of 9 - (-6 - (-18 - (2 - 7)))?
2
3 - 1 - (3 + 0)
-1
-9 + 3 + 0 + 2
-4
9 - (-22 + 26 + (0 - -1))
4
Evaluate (1 - 6) + 6 + -1.
0
Calculate -1 - (-1 - 2) - (8 - 9).
3
What is the value of (20 - 24) + (2 - (-2 + 0))?
0
What is the value of (-10 - -1 - (53 + -54)) + 7?
-1
Calculate (11 - 11) + (1 - 7).
-6
Calculate -3 + (7 - ((1 - -4) + -1)).
0
-4 - ((3 - -2) + -2 + -7)
0
-5 - (-5 + -6 - -1)
5
Evaluate 0 - (-4 + 2 + 6).
-4
What is -4 + 1 - (-6 + 5)?
-2
What is the value of (-10 - -6) + -9 - (2 - 8)?
-7
What is (-1 + 7 - 10) + 0 - 0?
-4
Calculate 3 - (3 + 3 + -1).
-2
Calculate (-3 - (-1 + 0)) + 3.
1
What is the value of (-1 - -1) + -3 + -1?
-4
What is the value of 8 - (-6 + 13 + -1)?
2
What is the value of 3 + 0 + (16 - 15)?
4
Calculate -5 - (1 + 2 + 0) - -8.
0
Evaluate (-17 - (4 - 9)) + 4.
-8
What is -5 - ((-2 - (-1 + -3)) + -13)?
6
Evaluate 2 - (-5 + 11) - -3.
-1
9 - 5 - (3 + -2)
3
Calculate (0 - 1 - (-3 + 3)) + -3.
-4
What is the value of (4 - 7 - -12) + -13?
-4
Evaluate 8 + 1 + (-12 - -6).
3
Calculate -2 + 8 - (-3 - (-5 + -2)).
2
What is the value of 14 + -28 + -3 + 11?
-6
(-3 - (4 + -13)) + -5
1
(3 - -1 - -2) + -10
-4
Calculate 1 + 4 + 0 + 2 + -5.
2
5 + (7 - 10) - 0
2
What is -60 + 50 + (4 - -2)?
-4
Calculate -4 - -5 - -3 - (0 + 2).
2
What is the value of -6 - -20 - 4 - 10?
0
Evaluate -7 + -1 + 8 + 6.
6
What is -2 + -10 + (3 - -4)?
-5
What is the value of -6 + 3 + (-1 - (0 + 0))?
-4
-2 - 4 - (-13 + 9)
-2
(14 + -7 - 7) + -2
-2
What is 8 + -1 + -4 + 8 + -6?
5
What is (-6 - -3) + 11 + (6 - 12)?
2
What is 9 - (8 - -11) - -3?
-7
4 + 3 + 1 + -4
4
What is the value of (-4 - -1) + 2 + (14 - 11)?
2
What is the value of 3 - -1 - (0 - -8)?
-4
What is the value of (3 - 7) + (-2 - -5)?
-1
Evaluate -3 + -1 + 14 + -13.
-3
Evaluate 0 - -6 - (19 - 10).
-3
What is the value of 1 + 5 + 1 + -3 - 7?
-3
What is the value of -6 - (-12 - -15 - (1 - -12))?
4
What is 3 - (7 + (13 - 8))?
-9
What is the value of (2 - 0) + -1 - -1?
2
Evaluate 7 + 2 + (1 + 1 - 7).
4
What is (-2 - (-12 - -6) - 5) + -2?
-3
Calculate (-8 - 6) + (-2 - -10).
-6
What is 0 + -2 + -1 + -2?
-5
Evaluate (-13 - -11) + 2 + -5.
-5
5 + -10 - (1 - 2)
-4
What is 0 + 4 + -1 + -7?
-4
6 + -6 + 3 + 0 + 1
4
What is (1 - (-1 + -3 + 3)) + 4?
6
What is the value of 4 + 2 + -11 + 4 + 1?
0
What is the value of 0 + (7 - 4) - 8?
-5
What is the value of -4 + (3 - (-5 + 3))?
1
Evaluate 9 - 10 - (0 + (0 - 1)).
0
What is the value of (21 - 28) + 2 + -1 + 2?
-4
What is the value of 11 + -12 + 11 + -4?
6
What is the value of -6 + -2 - (-11 + 8)?
-5
What is 7 - (6 + 0 - 4)?
5
What is (-40 - -41) + (0 - 6)?
-5
Evaluate -3 - (-7 - (6 + -19)).
-9
What is the value of (-15 - 1) + (-23 - -31)?
-8
What is the value of 5 + (-2 - (7 - 2)) + 2?
0
What is the value of -5 + 2 - (-4 - -1 - 1)?
1
(8 + 1 - 3) + (0 - 2)
4
5 - (5 + (1 - 3))
2
What is the value of 16 - (2 - -6) - 3?
5
What is the value of (-6 - -10) + 0 + -10?
-6
Calculate (3 - -1) + (-4 - -4).
4
Evaluate -8 + (1 + 6 - 1).
-2
What is the value of 2 + -9 - (-49 - -47)?
-5
Calculate 63 - 52 - (0 - -8).
3
What is the value of 4 - 2 - (-1 + 1 + 0)?
2
Evaluate (7 + 0 + -2 - 3) + 1.
3
What is 1 - (1 + 7 + -4)?
-3
Calculate (2 + (-5 - 0) - 0) + 6.
3
Evaluate -1 - -5 - (-1 - (-2 - 5)).
-2
Calculate 2 + (-3 - 2) - 0.
-3
(0 - 1) + (-5 - 0 - -4)
-2
What is the value of (-2 - 1) + 18 + -20?
-5
Evaluate 0 + -3 + 2 + -3.
-4
What is 7 + (-16 - 4 - -8)?
-5
Evaluate 1 - (-5 + 10 - 2) - 4.
-6
Evaluate -5 + -2 + 1 + -1 + 0.
-7
24 + -18 - (1 + 6)
-1
What is -5 + 3 + -2 - -2?
-2
What is the value of 1 + 0 + (-1 - 1)?
-1
What is 8 + 2 + -3 + -1?
6
What is the value of -3 + 2 + 0 + -1?
-2
What is (-1 - 1) + 3 - 0?
1
What is the value of -42 - -41 - (-4 + -1)?
4
What is the value of 1 + -1 + 3 + (-4 - -5)?
4
Evaluate 1 + (-5 - -1) - (-24 - -24).
-3
What is (5 - (2 + 0 + -1)) + 1?
5
What is (-3 + 2 - -2) + -1?
0
-1 + 3 - (39 + -33)
-4
Evaluate (1 - (-2 + 2 - -4)) + 5.
2
Calculate 50 - 47 - (1 - (1 + -2)).
1
(-7 - (3 - 6) - -3) + -3
-4
Calculate -2 + 3 + -1 + 1 + 1.
2
Calculate 0 - -1 - -1 - 5.
-3
Evaluate 0 + 7 + (-3 - 1).
3
Calculate 4 - (0 - -1) - 10.
-7
What is the value of 12 - (14 + 3) - -6?
1
Calculate -1 + (-2 + 4 - 4).
-3
What is the value of (-1 - -1) + 3 + 4 - 2?
5
(1 - (-2 + 1)) + -3
-1
Evaluate -5 - 1 - (-11 - (13 + -12)).
6
What is the value of -9 - (3 + 0 + -4 - 3)?
-5
What is (1 - 0) + 5 + (6 - 11)?
1
What is (-18 - -26) + (0 - 11)?
-3
16 - 27 - (6 + -22)
5
What is the value of (3 - 3) + -1 - (5 - 2)?
-4
Calculate (0 + (1 - 2) - -6) + 0.
5
Calculate (0 - -7) + 4 + -10.
1
Calculate 217 + -222 - (3 + -2 + 0).
-6
What is the value of 6 + (4 - -1) + -10?
1
Evaluate -2 - 1 - (16 - 14).
-5
What is -2 + (0 - 2) + 9 + -7?
-2
What is the value of (0 - (2 - 4)) + -5 + 7?
4
Calculate -7 + (4 + -11 + 8 - -3).
-3
What is the value of -2 + 12 - (-19 - -32)?
-3
(-10 - (-24 - -9)) + -5
0
13 + -5 - (4 + 0) - 1
3
4 - 1 - (-16 + 30 + -9)
-2
14 - 10 - (10 - (-1 + 2))
-5
What is 6 + (2 - (-1 + 0)) + -6?
3
(-4 - (1 - 1)) + -1
-5
What is the value of (-15 - -6) + (4 - (0 - 0))?
-5
Evaluate (-8 - 1 - -8) + -1 + -2.
-4
-4 + (2 - (-3 - -1))
0
Calculate 17 + (-11 - -15) + -13.
8
Evaluate 1 - -2 - (2 - (1 - 2)).
0
Calculate -10 + 4 - ((-4 - 3) + -1).
2
What is the value of 7 - ((-2 - 3) + 12)?
0
What is 7 + (-9 + 4 - (-4 + -4))?
10
What is (2 - (-4 + 11)) + 0?
-5
Calculate 6 + -5 + 0 + 4.
5
What is 3 + (-9 - 1) - (-1 + 1)?
-7
Calculate -2 + 4 - -4 - 11.
-5
What is the value of 2 + 3 + -7 + 0 + -2?
-4
Evaluate (-8 - 0) + (-109 - -123).
6
Calculate -1 + -6 + (-3 - -8) + -4.
-6
Calculate -8 + 11 + (-8 - -8).
3
What is the value of (7 - (5 - 1) - 6) + 2?
-1
Evaluate 1 + 4 + 5 + (-10 - -5).
5
What is the value of 0 - (4 - (3 - (3 - 1)))?
-3
2 + (-5 - (-6 + 6))
-3
-4 + 0 + -1 + 8 + -6
-3
What is the value of -13 + 12 - (0 - 0 - 4)?
3
Evaluate 7 + -14 - (1 - (6 + 2)).
0
Calculate (1 - -2) + -5 + 2 + 2.
2
Calculate 1 + (2 + 2 - 2).
3
Calculate 6 + -7 + -6 + 8 + -7.
-6
Calculate (-9 - -4 - -11) + -4 + 8.
10
What is the value of 1 - -1 - (10 - 4)?
-4
Evaluate 5 - (-3 - (-5 - 1)).
2
-11 + (11 - (6 - -1)) - -10
3
What is (1 - -4) + -5 - (-1 + 0)?
1
-1 - (1 - 2) - 4
-4
What is the value of -9 + -1 + 130 + -120?
0
18 - 13 - 14 - (-9 - -2)
-2
Calculate (-1 - 2) + -3 - (-9 - 2).
5
Calculate 1 + (4 - (-6 + 1 + 6)).
4
Calculate (-3 - -5) + (-1 - 2) - 2.
-3
What is 2 + (-5 - (-1 - 4))?
2
-4 + -6 + 11 + -2
-1
What is 4 + (8 - -2 - 16)?
-2
What is the value of 6 + (-18 - -8) + 5?
1
What is the value of (-9 + 18 - 21) + 11?
-1
Calculate -2 + 7 - (-3 + 13 + 2).
-7
Calculate -2 + (11 - 4) + -2 + 3.
6
Calculate (8 - 4 - 5) + (2 - -4).
5
Evaluate (-6 - -4) + 1 - -3.
2
Evaluate -4 - ((2 - (4 - 2)) + -2).
-2
-3 + (4 + 6 + -3 - 5)
-1
Evaluate 2 + 1 + (8 - 10) + 4.
5
13 + -20 - ((1 - 1) + 1)
-8
Calculate 1 - 2 - 5 - -3.
-3
Calculate 7 + (4 - (-1 + -4 + 7)).
9
What is the value of (-6 - 4) + (-2 - -8)?
-4
2 + -5 + -8 + 18
7
What is the value of (3 - 7) + 3 + -2?
-3
3 - (4 - 11) - 5
5
(7 - 1) + -3 - (0 - -3)
0
What is 3 + (-1 - 1) - 0?
1
4 - (1 + -3 + (-7 - -11))
2
What is the value of -1 + (4 - 4 - -3)?
2
What is 6 - (-1 + 4 - 0)?
3
Calculate 5 + (0 - 1 - -1 - 0).
5
Calculate 1 + 0 + (8 - 6).
3
Calculate (-1 - -2 - 3) + -1 - -5.
2
Evaluate 7 + -13 + 12 + -7 + 0.
-1
What is 6 + (9 - 10) - (0 - 0)?
5
What is 3 + -4 + 2 - (2 - 2)?
1
Evaluate -4 - (-7 - -3) - 1.
-1
(5 - (4 + -6)) + -1 + -14
-8
Calculate 0 + 1 + (-15 - (16 + -26)).
-4
Calculate 3 + 0 - (-3 - (0 - 4)).
2
-1 - 2 - (-2 + -4) - 7
-4
What is 8 + -6 + (4 - 1)?
5
Calculate -63 - -66 - (1 - (-1 + 4)).
5
Calculate -9 + 6 + 0 + -4.
-7
Evaluate 4 + -8 - (-3 + 3 + -2).
-2
What is the value of 0 + (-5 - -6) + (-1 - 0)?
0
-1 - (4 - (3 + 2) - 2)
2
Evaluate 7 + -4 + 10 + -9.
4
Evaluate (1 - -4) + -2 + (0 - 3).
0
What is 7 + (-8 - 3) - 1?
-5
Calculate 3 + -7 + -2 + 8.
